u - 66, -4*u = 2*d - 66. Suppose -58 = -a + d. What is the units digit of a?
7
Let m = 83 + -146. What is the tens digit of 221 + ((-16)/7 - 18/m)?
1
Let r be ((-98)/(-7))/((-3)/(-6)). Suppose r*a = 16*a + 3228. What is the tens digit of a?
6
Let v = -25 - -48. Let p = v - 23. Suppose 7*r - 2*r - 4*c = 380, -4*r - 4*c + 304 = p. What is the units digit of r?
6
Let y = -20508 - -50587. What is the tens digit of y?
7
Let s = 13 - 5. Suppose s*v - 2196 - 1684 = 0. Suppose 3*h - p + v = 8*h, 4*p - 116 = -h. What is the tens digit of h?
9
Suppose 46*z - 101*z - 72*z = -1882267. What is the hundreds digit of z?
8
Suppose -19163 + 73093 = 4*f - 2*d, -13484 = -f - d. What is the tens digit of f?
8
Let k be (-77 - 255)*(-3)/(-2). What is the units digit of 3 + -9 - -3 - k?
5
Let c(u) = 27*u + 2. Let h be (48/(-9))/(5/15). Let g = 20 + h. What is the units digit of c(g)?
0
Let l = -6873 - -8120. What is the tens digit of l?
4
Suppose 33 = 4*u + 1. Let f(z) be the second derivative of z**4/12 - 7*z**2/2 - 62*z. What is the tens digit of f(u)?
5
Suppose 4*f + 3 = 11. Let k(w) = 3*w + 4 + 38*w**2 + 13*w**f + 46*w**2. What is the tens digit of k(-1)?
9
Let f(m) = 5*m**2 + 7*m + 1. Let j(v) = -4*v**2 - 6*v. Let w(x) = 3*f(x) + 4*j(x). Let g be w(-4). Let k(s) = -160*s - 1. What is the tens digit of k(g)?
5
Let i = -11838 + 19846. What is the tens digit of i?
0
Let l be 5 - 1/((-7)/189). What is the hundreds digit of (-10287)/(-11) - l/176?
9
Suppose -27*r + 1824 = -33*r. Let s = r - -506. What is the units digit of s?
2
Let j(g) = 4*g**2 + 11*g + 29. Let y be j(14). What is the tens digit of (y/(-3))/((-88)/12 + 7)?
6
Let i(l) = -l**2 - l + 1. Let z(u) = 4*u**2 - 13*u**2 - 4 + 2*u + 7*u. Let s(h) = -2*i(h) - z(h). What is the tens digit of s(-4)?
0
Suppose -3*v + 1729 = 352. Let u(l) = -l**3 + 3*l**2 + 108*l + 3. Let x be u(-9). Suppose 5*z - 929 = 5*k - 164, 4*k + v = x*z. What is the hundreds digit of z?
1
Let i(t) = 99*t**2 + 4*t - 69. What is the thousands digit of i(-7)?
4
Suppose 25*c + 87 - 12 = 0. What is the units digit of c/2*6*-13?
7
Let w be 6816/9*(-522)/(-24). Suppose -9*o + w = 20*o. What is the hundreds digit of o?
5
Let u(c) = -3*c**3 + 9*c**2 - 10*c - 3. Suppose 25 = 482*w - 487*w. What is the units digit of u(w)?
7
Let b = 55917 + -28707. What is the tens digit of b?
1
Let o(y) = -18*y - 14. Let z be o(-1). What is the units digit of -16*((-14)/70)/(z/30)?
4
Let d(w) = -w**2 - 36*w + 78. Let u be d(-38). Suppose -u*x - 4*t = -864, -4*x = 4*t - 3*t - 1742. What is the hundreds digit of x?
4
Suppose -97452 = -3*g - 30*g - 3*g. What is the tens digit of g?
0
Let t = 23 - 18. Suppose -5*c - 4*f = 12, -3*c - t*f - 15 = c. Let r(j) = -j + 4. What is the units digit of r(c)?
4
Suppose 76739 + 228362 = 4*i + t, 5*i + 5*t = 381395. What is the units digit of i?
4
Let b = 8067 - 3553. What is the units digit of b?
4
Let n(a) = -38*a + 12. Let m(b) = -b**2 + b + 27. Let u be m(-6). Let p = 12 + u. What is the tens digit of n(p)?
2
Suppose -2*t = -2*d + 9*d - 795, 0 = d - 3. Let q(h) = -h + 9. Let z be q(4). Suppose 4*y + z*g = 447, 2*g + 95 + t = 4*y. What is the hundreds digit of y?
1
Let q = 35 + -30. Suppose -q*b + 336 = -4*u + 3*u, b - 2*u - 60 = 0. What is the units digit of b?
8
Let x(w) = 784*w - 346. What is the hundreds digit of x(25)?
2
Suppose v + 18151 = d, 3*d - 8957 = 5*v + 45500. What is the tens digit of d?
4
What is the tens digit of -8 - (22866256/(-462) - (-6)/99)?
8
Suppose -4*g + 3*g + 234 = n, 0 = -4*g - 5*n + 933. What is the tens digit of g?
3
Suppose 4*d + 57924 = 2*j, 0*d = 5*d + 35. What is the units digit of j?
8
Let n = -7536 + 11160. Let d be 3/9 + -1 + n/9. Suppose c - 127 = 5*k, -3*c - 5*k + d = 1. What is the units digit of c?
2
Let m(p) be the third derivative of -19*p**4/24 - 4*p**3/3 - 2*p**2. Let k be (10/(-4))/(3/6). What is the tens digit of m(k)?
8
Let m(b) = 3*b - 5. Let o be m(9). What is the tens digit of ((-1683)/o)/(3/(-18))?
5
Suppose -20 = 37*t - 41*t. Suppose t*x - 204 = -5*q + 11, -2*q = -3*x - 106. What is the units digit of q - (-2 + 3 + -4)?
0
Let g = -76 + 79. Suppose g*q - 10*q + 679 = 0. Let f = q - 23. What is the units digit of f?
4
Suppose -u + 12 = -4*v, -3*v = 3*u + 5 + 4. Suppose -95*o = -96*o - 3*p + 1413, u = o - 4*p - 1392. What is the hundreds digit of o?
4
Let j(g) = -g**3 + 90*g**2 + 96*g - 1693. What is the ten thousands digit of j(88)?
2
Let s = 186 + -179. Suppose 0 = d + 4*c - 1034, -s*c + 3072 = 3*d - 10*c. What is the units digit of d?
6
Suppose -40*y + 1643588 = 253188. What is the tens digit of y?
6
Let t(h) = h + 8. Suppose 0 = -4*r + q + 3, 2*r - 3*r + 2*q + 6 = 0. Let a be r*(-2)/((-1)/((-3)/6)). What is the units digit of t(a)?
8
Let v(a) = -65*a - 184. Let g be v(-4). Suppose -g*b = -80*b + 6920. What is the thousands digit of b?
1
What is the tens digit of (197/(-3))/((322/(-1722))/23)?
7
Let d(y) = 33*y**3 + y**2 + 5*y - 35. What is the thousands digit of d(4)?
2
Suppose -s = 16*u - 14*u - 1797, -4*s + 7266 = -5*u. What is the units digit of s?
9
Let u(g) = 5*g**2 - 15*g - 29. Let z be u(5). Suppose 417 = -z*h + 18687. What is the tens digit of h?
7
Suppose 10*y - 21444 = 13496. Let m = y + -2441. What is the units digit of m?
3
Let o(t) be the third derivative of -21*t**2 - 8/3*t**3 - 3/8*t**4 + 0*t + 0. What is the units digit of o(-12)?
2
Suppose -14*p = -6*p - 448. Suppose 0 = -7*o + 168 - p. Let f = o + 33. What is the units digit of f?
9
Let w(b) = 50*b**2 + 644*b - 26. What is the thousands digit of w(15)?
0
Suppose 0 = 39*w + 46944 - 255984. Suppose -7*j + w = -394. What is the tens digit of j?
2
Let i = -979 - -12223. What is the thousands digit of i?
1
Let s(z) = -5*z + 113. Let c be s(19). Suppose h = y - 182, -14*h + c*h + 906 = 5*y. What is the hundreds digit of y?
1
Let j = 133 - 138. Let n be 1617/(-105) + (-2)/j. What is the hundreds digit of (-606)/(-3) - (n/3 - -3)?
2
Suppose -8*i = -37521 + 945. What is the tens digit of i?
7
Let l = -76 + 87. Let v = -11 + l. Suppose v = -n + 9*n - 104. What is the tens digit of n?
1
Let v(d) = 46*d**2 - 3*d + 7. Let t(c) = c**2 - 1. Let s(r) = -3*t(r) - v(r). Let x be s(-5). What is the units digit of (-20)/90 + x/(-9)?
8
Let a = -29333 - -55320. What is the ten thousands digit of a?
2
Let a = 21556 - 10926. What is the ten thousands digit of a?
1
Suppose 4*y + 28 = 0, 4*y = 3*a - 13999 - 2682. What is the units digit of a?
1
Suppose 2022*k = 2029*k + 49. Let q(f) = 6*f - 18. Let m(c) = -c + 1. Let g(o) = 30*m(o) + 2*q(o). What is the units digit of g(k)?
0
Let l = -4032 + 13888. What is the tens digit of l?
5
Suppose 7*t = 8*t - 6. What is the units digit of (-284)/((-3 + -3)/t)?
4
Let c = -317 - -321. Suppose -2*k + 423 - 73 = b, c*k + 362 = b. What is the hundreds digit of b?
3
Let r(c) = 23*c**3 - 8*c**2 + 13*c - 7. Let g be r(3). Suppose 4*l = 4*f - f - g, 4*f + 4*l = 728. What is the units digit of f?
7
Suppose 0 = 189*g - 2831499 - 2312729 + 837485. What is the tens digit of g?
8
Let m = -494 - -1100. What is the tens digit of (-1)/(9/3 - 1820/m)?
0
Let f(o) = -42*o - 110. What is the units digit of f(-42)?
4
Suppose -33 - 15 = -2*t - o, 0 = 4*t - o - 84. Let n = t + 12. What is the units digit of n?
4
Let l(c) = 192*c**2 - 7*c + 1. Let n be (12 - 525/45)/(2/12). What is the tens digit of l(n)?
5
What is the tens digit of ((5535/36)/(-15))/(3/(1404/(-3)))?
9
Let n(b) = 4*b**2 - 21 - b - 4*b - 3*b. Let k = -1795 - -1791. What is the tens digit of n(k)?
7
Let g(u) = 0*u**3 + 3*u - 4 + 4*u**3 + 2*u**2 - 7*u**3 - u**3. What is the hundreds digit of g(-5)?
5
Let i = 7714 - 5351. What is the hundreds digit of i?
3
Suppose 0 = -16*g - 16 + 96. Suppose 5*v = -25, 5*v = g*c - 15 - 20. Suppose 462 = c*x + 2*z, -220 = -x - 2*z + 9. What is the hundreds digit of x?
2
Let j(t) = -5358*t - 587. What is the units digit of j(-8)?
7
What is the hundreds digit of 8/16*(-2 - -1)*-13258?
6
Suppose -4*o - 2 = 2, -s - 2*o - 172 = 0. Let a = 984 - s. What is the units digit of a?
4
Let d be 1 + (-4 - (-3)/(-3) - -6). Suppose -2*b = 5*c - 986, -b = -3*b + d*c + 1000. What is the hundreds digit of b?
4
Let s = 7515 + 1508. Suppose -4*d = -11*d + s. What is the tens digit of d?
8
Let b be (-5)/(-4)*(-11)/((-11)/(-424)). Let j = b